{"id":5340,"date":"2023-02-17T15:52:39","date_gmt":"2023-02-17T15:52:39","guid":{"rendered":"https:\/\/matsara.fr\/?post_type=product&#038;p=5340"},"modified":"2025-02-07T19:19:45","modified_gmt":"2025-02-07T19:19:45","slug":"pois-de-bambara-sec-voanjobory-maina-500g","status":"publish","type":"product","link":"https:\/\/matsara.fr\/?product=pois-de-bambara-sec-voanjobory-maina-500g","title":{"rendered":"Pois de bambara sec &#8211; Voanjobory Maina-500g"},"content":{"rendered":"<p>Le pois bambara de Madagascar ou Voanjobory, est une plante herbac\u00e9e de la famille des l\u00e9gumineuses largement cultiv\u00e9e pour ses graines qui se r\u00e9coltent sous terre Les pois de bambara peuvent se cuisiner \u00e0 l&rsquo;\u00e9tat frais ou sec.<\/p>\n<p>Pr\u00e9paration : A tremper une nuit avant de cuire.<\/p>\n<p>Mode de conservation : mettre dans un endroit sec.<\/p>\n<p>Voanjobory\u00a0cultiv\u00e9 \u00e0 Tsiroanomandidy, Madagascar<\/p>\n<p>Import\u00e9 par : Distrimada Premium<\/p>\n","protected":false},"excerpt":{"rendered":"<p>Le pois bambara de Madagascar ou Voanjobory, est une plante herbac\u00e9e de la famille des l\u00e9gumineuses largement cultiv\u00e9e pour ses graines qui se r\u00e9coltent sous terre Les pois de bambara peuvent se cuisiner \u00e0 l&rsquo;\u00e9tat frais ou sec. Pr\u00e9paration : A tremper une nuit avant de cuire. Mode de conservation : mettre dans un endroit [&hellip;]<\/p>\n","protected":false},"featured_media":5341,"comment_status":"open","ping_status":"closed","template":"","meta":{"_et_pb_use_builder":"","_et_pb_old_content":"","_et_gb_content_width":""},"product_brand":[],"product_cat":[43,327],"product_tag":[125],"class_list":{"0":"post-5340","1":"product","2":"type-product","3":"status-publish","4":"has-post-thumbnail","6":"product_cat-epicerie","7":"product_cat-sec","8":"product_tag-pois-de-bambaras-sec","10":"first","11":"outofstock","12":"taxable","13":"shipping-taxable","14":"purchasable","15":"product-type-simple"},"yoast_head":"<!-- This site is optimized with the Yoast SEO plugin v26.4 - https:\/\/yoast.com\/wordpress\/plugins\/seo\/ -->\n<title>Pois de bambara sec - Voanjobory Maina-500g - matsara.fr<\/title>\n<meta name=\"robots\" content=\"index, follow, max-snippet:-1, max-image-preview:large, max-video-preview:-1\" \/>\n<link rel=\"canonical\" href=\"https:\/\/matsara.fr\/?product=pois-de-bambara-sec-voanjobory-maina-500g\" \/>\n<meta property=\"og:locale\" content=\"fr_FR\" \/>\n<meta property=\"og:type\" content=\"article\" \/>\n<meta property=\"og:title\" content=\"Pois de bambara sec - Voanjobory Maina-500g - matsara.fr\" \/>\n<meta property=\"og:description\" content=\"Le pois bambara de Madagascar ou Voanjobory, est une plante herbac\u00e9e de la famille des l\u00e9gumineuses largement cultiv\u00e9e pour ses graines qui se r\u00e9coltent sous terre Les pois de bambara peuvent se cuisiner \u00e0 l&rsquo;\u00e9tat frais ou sec. Pr\u00e9paration : A tremper une nuit avant de cuire. Mode de conservation : mettre dans un endroit [&hellip;]\" \/>\n<meta property=\"og:url\" content=\"https:\/\/matsara.fr\/?product=pois-de-bambara-sec-voanjobory-maina-500g\" \/>\n<meta property=\"og:site_name\" content=\"matsara.fr\" \/>\n<meta property=\"article:modified_time\" content=\"2025-02-07T19:19:45+00:00\" \/>\n<meta property=\"og:image\" content=\"https:\/\/matsara.fr\/wp-content\/uploads\/2023\/02\/Pois-de-bambara-sec-e1676648927566.webp\" \/>\n\t<meta property=\"og:image:width\" content=\"837\" \/>\n\t<meta property=\"og:image:height\" content=\"729\" \/>\n\t<meta property=\"og:image:type\" content=\"image\/webp\" \/>\n<meta name=\"twitter:card\" content=\"summary_large_image\" \/>\n<script type=\"application\/ld+json\" class=\"yoast-schema-graph\">{\"@context\":\"https:\/\/schema.org\",\"@graph\":[{\"@type\":\"WebPage\",\"@id\":\"https:\/\/matsara.fr\/?product=pois-de-bambara-sec-voanjobory-maina-500g\",\"url\":\"https:\/\/matsara.fr\/?product=pois-de-bambara-sec-voanjobory-maina-500g\",\"name\":\"Pois de bambara sec - Voanjobory Maina-500g - matsara.fr\",\"isPartOf\":{\"@id\":\"https:\/\/matsara.fr\/#website\"},\"primaryImageOfPage\":{\"@id\":\"https:\/\/matsara.fr\/?product=pois-de-bambara-sec-voanjobory-maina-500g#primaryimage\"},\"image\":{\"@id\":\"https:\/\/matsara.fr\/?product=pois-de-bambara-sec-voanjobory-maina-500g#primaryimage\"},\"thumbnailUrl\":\"https:\/\/matsara.fr\/wp-content\/uploads\/2023\/02\/Pois-de-bambara-sec-e1676648927566.webp\",\"datePublished\":\"2023-02-17T15:52:39+00:00\",\"dateModified\":\"2025-02-07T19:19:45+00:00\",\"breadcrumb\":{\"@id\":\"https:\/\/matsara.fr\/?product=pois-de-bambara-sec-voanjobory-maina-500g#breadcrumb\"},\"inLanguage\":\"fr-FR\",\"potentialAction\":[{\"@type\":\"ReadAction\",\"target\":[\"https:\/\/matsara.fr\/?product=pois-de-bambara-sec-voanjobory-maina-500g\"]}]},{\"@type\":\"ImageObject\",\"inLanguage\":\"fr-FR\",\"@id\":\"https:\/\/matsara.fr\/?product=pois-de-bambara-sec-voanjobory-maina-500g#primaryimage\",\"url\":\"https:\/\/matsara.fr\/wp-content\/uploads\/2023\/02\/Pois-de-bambara-sec-e1676648927566.webp\",\"contentUrl\":\"https:\/\/matsara.fr\/wp-content\/uploads\/2023\/02\/Pois-de-bambara-sec-e1676648927566.webp\",\"width\":837,\"height\":729},{\"@type\":\"BreadcrumbList\",\"@id\":\"https:\/\/matsara.fr\/?product=pois-de-bambara-sec-voanjobory-maina-500g#breadcrumb\",\"itemListElement\":[{\"@type\":\"ListItem\",\"position\":1,\"name\":\"Accueil\",\"item\":\"https:\/\/matsara.fr\/\"},{\"@type\":\"ListItem\",\"position\":2,\"name\":\"Produits\",\"item\":\"https:\/\/matsara.fr\/?post_type=product\"},{\"@type\":\"ListItem\",\"position\":3,\"name\":\"Pois de bambara sec &#8211; Voanjobory Maina-500g\"}]},{\"@type\":\"WebSite\",\"@id\":\"https:\/\/matsara.fr\/#website\",\"url\":\"https:\/\/matsara.fr\/\",\"name\":\"matsara.fr\",\"description\":\"La vanille qui vous veut du bien\",\"publisher\":{\"@id\":\"https:\/\/matsara.fr\/#organization\"},\"potentialAction\":[{\"@type\":\"SearchAction\",\"target\":{\"@type\":\"EntryPoint\",\"urlTemplate\":\"https:\/\/matsara.fr\/?s={search_term_string}\"},\"query-input\":{\"@type\":\"PropertyValueSpecification\",\"valueRequired\":true,\"valueName\":\"search_term_string\"}}],\"inLanguage\":\"fr-FR\"},{\"@type\":\"Organization\",\"@id\":\"https:\/\/matsara.fr\/#organization\",\"name\":\"matsara.fr\",\"url\":\"https:\/\/matsara.fr\/\",\"logo\":{\"@type\":\"ImageObject\",\"inLanguage\":\"fr-FR\",\"@id\":\"https:\/\/matsara.fr\/#\/schema\/logo\/image\/\",\"url\":\"https:\/\/matsara.fr\/wp-content\/uploads\/2019\/06\/organic-store-logo5.svg\",\"contentUrl\":\"https:\/\/matsara.fr\/wp-content\/uploads\/2019\/06\/organic-store-logo5.svg\",\"caption\":\"matsara.fr\"},\"image\":{\"@id\":\"https:\/\/matsara.fr\/#\/schema\/logo\/image\/\"}}]}<\/script>\n<!-- \/ Yoast SEO plugin. -->","yoast_head_json":{"title":"Pois de bambara sec - Voanjobory Maina-500g - matsara.fr","robots":{"index":"index","follow":"follow","max-snippet":"max-snippet:-1","max-image-preview":"max-image-preview:large","max-video-preview":"max-video-preview:-1"},"canonical":"https:\/\/matsara.fr\/?product=pois-de-bambara-sec-voanjobory-maina-500g","og_locale":"fr_FR","og_type":"article","og_title":"Pois de bambara sec - Voanjobory Maina-500g - matsara.fr","og_description":"Le pois bambara de Madagascar ou Voanjobory, est une plante herbac\u00e9e de la famille des l\u00e9gumineuses largement cultiv\u00e9e pour ses graines qui se r\u00e9coltent sous terre Les pois de bambara peuvent se cuisiner \u00e0 l&rsquo;\u00e9tat frais ou sec. Pr\u00e9paration : A tremper une nuit avant de cuire. Mode de conservation : mettre dans un endroit [&hellip;]","og_url":"https:\/\/matsara.fr\/?product=pois-de-bambara-sec-voanjobory-maina-500g","og_site_name":"matsara.fr","article_modified_time":"2025-02-07T19:19:45+00:00","og_image":[{"width":837,"height":729,"url":"https:\/\/matsara.fr\/wp-content\/uploads\/2023\/02\/Pois-de-bambara-sec-e1676648927566.webp","type":"image\/webp"}],"twitter_card":"summary_large_image","schema":{"@context":"https:\/\/schema.org","@graph":[{"@type":"WebPage","@id":"https:\/\/matsara.fr\/?product=pois-de-bambara-sec-voanjobory-maina-500g","url":"https:\/\/matsara.fr\/?product=pois-de-bambara-sec-voanjobory-maina-500g","name":"Pois de bambara sec - Voanjobory Maina-500g - matsara.fr","isPartOf":{"@id":"https:\/\/matsara.fr\/#website"},"primaryImageOfPage":{"@id":"https:\/\/matsara.fr\/?product=pois-de-bambara-sec-voanjobory-maina-500g#primaryimage"},"image":{"@id":"https:\/\/matsara.fr\/?product=pois-de-bambara-sec-voanjobory-maina-500g#primaryimage"},"thumbnailUrl":"https:\/\/matsara.fr\/wp-content\/uploads\/2023\/02\/Pois-de-bambara-sec-e1676648927566.webp","datePublished":"2023-02-17T15:52:39+00:00","dateModified":"2025-02-07T19:19:45+00:00","breadcrumb":{"@id":"https:\/\/matsara.fr\/?product=pois-de-bambara-sec-voanjobory-maina-500g#breadcrumb"},"inLanguage":"fr-FR","potentialAction":[{"@type":"ReadAction","target":["https:\/\/matsara.fr\/?product=pois-de-bambara-sec-voanjobory-maina-500g"]}]},{"@type":"ImageObject","inLanguage":"fr-FR","@id":"https:\/\/matsara.fr\/?product=pois-de-bambara-sec-voanjobory-maina-500g#primaryimage","url":"https:\/\/matsara.fr\/wp-content\/uploads\/2023\/02\/Pois-de-bambara-sec-e1676648927566.webp","contentUrl":"https:\/\/matsara.fr\/wp-content\/uploads\/2023\/02\/Pois-de-bambara-sec-e1676648927566.webp","width":837,"height":729},{"@type":"BreadcrumbList","@id":"https:\/\/matsara.fr\/?product=pois-de-bambara-sec-voanjobory-maina-500g#breadcrumb","itemListElement":[{"@type":"ListItem","position":1,"name":"Accueil","item":"https:\/\/matsara.fr\/"},{"@type":"ListItem","position":2,"name":"Produits","item":"https:\/\/matsara.fr\/?post_type=product"},{"@type":"ListItem","position":3,"name":"Pois de bambara sec &#8211; Voanjobory Maina-500g"}]},{"@type":"WebSite","@id":"https:\/\/matsara.fr\/#website","url":"https:\/\/matsara.fr\/","name":"matsara.fr","description":"La vanille qui vous veut du bien","publisher":{"@id":"https:\/\/matsara.fr\/#organization"},"potentialAction":[{"@type":"SearchAction","target":{"@type":"EntryPoint","urlTemplate":"https:\/\/matsara.fr\/?s={search_term_string}"},"query-input":{"@type":"PropertyValueSpecification","valueRequired":true,"valueName":"search_term_string"}}],"inLanguage":"fr-FR"},{"@type":"Organization","@id":"https:\/\/matsara.fr\/#organization","name":"matsara.fr","url":"https:\/\/matsara.fr\/","logo":{"@type":"ImageObject","inLanguage":"fr-FR","@id":"https:\/\/matsara.fr\/#\/schema\/logo\/image\/","url":"https:\/\/matsara.fr\/wp-content\/uploads\/2019\/06\/organic-store-logo5.svg","contentUrl":"https:\/\/matsara.fr\/wp-content\/uploads\/2019\/06\/organic-store-logo5.svg","caption":"matsara.fr"},"image":{"@id":"https:\/\/matsara.fr\/#\/schema\/logo\/image\/"}}]}},"_links":{"self":[{"href":"https:\/\/matsara.fr\/index.php?rest_route=\/wp\/v2\/product\/5340","targetHints":{"allow":["GET"]}}],"collection":[{"href":"https:\/\/matsara.fr\/index.php?rest_route=\/wp\/v2\/product"}],"about":[{"href":"https:\/\/matsara.fr\/index.php?rest_route=\/wp\/v2\/types\/product"}],"replies":[{"embeddable":true,"href":"https:\/\/matsara.fr\/index.php?rest_route=%2Fwp%2Fv2%2Fcomments&post=5340"}],"wp:featuredmedia":[{"embeddable":true,"href":"https:\/\/matsara.fr\/index.php?rest_route=\/wp\/v2\/media\/5341"}],"wp:attachment":[{"href":"https:\/\/matsara.fr\/index.php?rest_route=%2Fwp%2Fv2%2Fmedia&parent=5340"}],"wp:term":[{"taxonomy":"product_brand","embeddable":true,"href":"https:\/\/matsara.fr\/index.php?rest_route=%2Fwp%2Fv2%2Fproduct_brand&post=5340"},{"taxonomy":"product_cat","embeddable":true,"href":"https:\/\/matsara.fr\/index.php?rest_route=%2Fwp%2Fv2%2Fproduct_cat&post=5340"},{"taxonomy":"product_tag","embeddable":true,"href":"https:\/\/matsara.fr\/index.php?rest_route=%2Fwp%2Fv2%2Fproduct_tag&post=5340"}],"curies":[{"name":"wp","href":"https:\/\/api.w.org\/{rel}","templated":true}]}}