{"id":5388,"date":"2023-02-23T15:30:08","date_gmt":"2023-02-23T15:30:08","guid":{"rendered":"https:\/\/matsara.fr\/?post_type=product&#038;p=5388"},"modified":"2025-01-23T09:38:30","modified_gmt":"2025-01-23T09:38:30","slug":"menakao-arabica-sea-salt-45","status":"publish","type":"product","link":"https:\/\/matsara.fr\/?product=menakao-arabica-sea-salt-45","title":{"rendered":"Menakao arabica &#038; sea salt 45%"},"content":{"rendered":"<div class=\"elementor-element elementor-element-3cb5901 elementor-widget-divider--view-line_text elementor-widget-divider--element-align-center elementor-widget elementor-widget-divider\" data-id=\"3cb5901\" data-element_type=\"widget\" data-widget_type=\"divider.default\">\n<div class=\"elementor-widget-container\">\n<div class=\"elementor-divider\"><span class=\"elementor-divider-separator\"><span class=\"elementor-divider__text elementor-divider__element\">L\u2019alliance du caf\u00e9 pur Arabica, issu des hauts plateaux de Madagascar, et de sa pointe de sel apporte un go\u00fbt puissant \u00e0 ce d\u00e9licat et onctueux chocolat au lait.<\/span><\/span><\/div>\n<div><\/div>\n<div class=\"elementor-divider\"><strong><span class=\"elementor-divider-separator\"><span class=\"elementor-divider__text elementor-divider__element\">Ingr\u00e9dients<\/span><\/span><\/strong><\/div>\n<\/div>\n<\/div>\n<div class=\"elementor-element elementor-element-65cb5ec elementor-widget elementor-widget-woocommerce-product-content\" data-id=\"65cb5ec\" data-element_type=\"widget\" data-widget_type=\"woocommerce-product-content.default\">\n<div class=\"elementor-widget-container\">\n<p>F\u00e8ves de cacao de Madagascar, sucre de canne,\u00a0<strong>lait<\/strong>\u00a0entier en poudre, pur beurre de cacao, caf\u00e9 arabica, \u00e9mulsifiant : l\u00e9cithine de tournesol, fleur de sel marin.<\/p>\n<p><em>Pr\u00e9sence possible de fruits \u00e0 coque et de prot\u00e9ines de lait.<\/em><\/p>\n<p>&nbsp;<\/p>\n<\/div>\n<\/div>\n","protected":false},"excerpt":{"rendered":"<p>L\u2019alliance du caf\u00e9 pur Arabica, issu des hauts plateaux de Madagascar, et de sa pointe de sel apporte un go\u00fbt puissant \u00e0 ce d\u00e9licat et onctueux chocolat au lait. Ingr\u00e9dients F\u00e8ves de cacao de Madagascar, sucre de canne,\u00a0lait\u00a0entier en poudre, pur beurre de cacao, caf\u00e9 arabica, \u00e9mulsifiant : l\u00e9cithine de tournesol, fleur de sel marin. [&hellip;]<\/p>\n","protected":false},"featured_media":5389,"comment_status":"open","ping_status":"closed","template":"","meta":{"_et_pb_use_builder":"","_et_pb_old_content":"","_et_gb_content_width":""},"product_brand":[],"product_cat":[331,43],"product_tag":[140,141],"class_list":{"0":"post-5388","1":"product","2":"type-product","3":"status-publish","4":"has-post-thumbnail","6":"product_cat-chocolat-sucre","7":"product_cat-epicerie","8":"product_tag-chocolat-arabica-et-sea-selt","9":"product_tag-chocolat-lait-45","11":"first","12":"outofstock","13":"taxable","14":"shipping-taxable","15":"purchasable","16":"product-type-simple"},"yoast_head":"<!-- This site is optimized with the Yoast SEO plugin v26.4 - https:\/\/yoast.com\/wordpress\/plugins\/seo\/ -->\n<title>Menakao arabica &amp; sea salt 45% - matsara.fr<\/title>\n<meta name=\"robots\" content=\"index, follow, max-snippet:-1, max-image-preview:large, max-video-preview:-1\" \/>\n<link rel=\"canonical\" href=\"https:\/\/matsara.fr\/?product=menakao-arabica-sea-salt-45\" \/>\n<meta property=\"og:locale\" content=\"fr_FR\" \/>\n<meta property=\"og:type\" content=\"article\" \/>\n<meta property=\"og:title\" content=\"Menakao arabica &amp; sea salt 45% - matsara.fr\" \/>\n<meta property=\"og:description\" content=\"L\u2019alliance du caf\u00e9 pur Arabica, issu des hauts plateaux de Madagascar, et de sa pointe de sel apporte un go\u00fbt puissant \u00e0 ce d\u00e9licat et onctueux chocolat au lait. Ingr\u00e9dients F\u00e8ves de cacao de Madagascar, sucre de canne,\u00a0lait\u00a0entier en poudre, pur beurre de cacao, caf\u00e9 arabica, \u00e9mulsifiant : l\u00e9cithine de tournesol, fleur de sel marin. [&hellip;]\" \/>\n<meta property=\"og:url\" content=\"https:\/\/matsara.fr\/?product=menakao-arabica-sea-salt-45\" \/>\n<meta property=\"og:site_name\" content=\"matsara.fr\" \/>\n<meta property=\"article:modified_time\" content=\"2025-01-23T09:38:30+00:00\" \/>\n<meta property=\"og:image\" content=\"https:\/\/matsara.fr\/wp-content\/uploads\/2023\/02\/Arabica-Sea-salt.jpg\" \/>\n\t<meta property=\"og:image:width\" content=\"1241\" \/>\n\t<meta property=\"og:image:height\" content=\"2245\" \/>\n\t<meta property=\"og:image:type\" content=\"image\/jpeg\" \/>\n<meta name=\"twitter:card\" content=\"summary_large_image\" \/>\n<script type=\"application\/ld+json\" class=\"yoast-schema-graph\">{\"@context\":\"https:\/\/schema.org\",\"@graph\":[{\"@type\":\"WebPage\",\"@id\":\"https:\/\/matsara.fr\/?product=menakao-arabica-sea-salt-45\",\"url\":\"https:\/\/matsara.fr\/?product=menakao-arabica-sea-salt-45\",\"name\":\"Menakao arabica & sea salt 45% - matsara.fr\",\"isPartOf\":{\"@id\":\"https:\/\/matsara.fr\/#website\"},\"primaryImageOfPage\":{\"@id\":\"https:\/\/matsara.fr\/?product=menakao-arabica-sea-salt-45#primaryimage\"},\"image\":{\"@id\":\"https:\/\/matsara.fr\/?product=menakao-arabica-sea-salt-45#primaryimage\"},\"thumbnailUrl\":\"https:\/\/matsara.fr\/wp-content\/uploads\/2023\/02\/Arabica-Sea-salt.jpg\",\"datePublished\":\"2023-02-23T15:30:08+00:00\",\"dateModified\":\"2025-01-23T09:38:30+00:00\",\"breadcrumb\":{\"@id\":\"https:\/\/matsara.fr\/?product=menakao-arabica-sea-salt-45#breadcrumb\"},\"inLanguage\":\"fr-FR\",\"potentialAction\":[{\"@type\":\"ReadAction\",\"target\":[\"https:\/\/matsara.fr\/?product=menakao-arabica-sea-salt-45\"]}]},{\"@type\":\"ImageObject\",\"inLanguage\":\"fr-FR\",\"@id\":\"https:\/\/matsara.fr\/?product=menakao-arabica-sea-salt-45#primaryimage\",\"url\":\"https:\/\/matsara.fr\/wp-content\/uploads\/2023\/02\/Arabica-Sea-salt.jpg\",\"contentUrl\":\"https:\/\/matsara.fr\/wp-content\/uploads\/2023\/02\/Arabica-Sea-salt.jpg\",\"width\":1241,\"height\":2245},{\"@type\":\"BreadcrumbList\",\"@id\":\"https:\/\/matsara.fr\/?product=menakao-arabica-sea-salt-45#breadcrumb\",\"itemListElement\":[{\"@type\":\"ListItem\",\"position\":1,\"name\":\"Accueil\",\"item\":\"https:\/\/matsara.fr\/\"},{\"@type\":\"ListItem\",\"position\":2,\"name\":\"Produits\",\"item\":\"https:\/\/matsara.fr\/?post_type=product\"},{\"@type\":\"ListItem\",\"position\":3,\"name\":\"Menakao arabica &#038; sea salt 45%\"}]},{\"@type\":\"WebSite\",\"@id\":\"https:\/\/matsara.fr\/#website\",\"url\":\"https:\/\/matsara.fr\/\",\"name\":\"matsara.fr\",\"description\":\"La vanille qui vous veut du bien\",\"publisher\":{\"@id\":\"https:\/\/matsara.fr\/#organization\"},\"potentialAction\":[{\"@type\":\"SearchAction\",\"target\":{\"@type\":\"EntryPoint\",\"urlTemplate\":\"https:\/\/matsara.fr\/?s={search_term_string}\"},\"query-input\":{\"@type\":\"PropertyValueSpecification\",\"valueRequired\":true,\"valueName\":\"search_term_string\"}}],\"inLanguage\":\"fr-FR\"},{\"@type\":\"Organization\",\"@id\":\"https:\/\/matsara.fr\/#organization\",\"name\":\"matsara.fr\",\"url\":\"https:\/\/matsara.fr\/\",\"logo\":{\"@type\":\"ImageObject\",\"inLanguage\":\"fr-FR\",\"@id\":\"https:\/\/matsara.fr\/#\/schema\/logo\/image\/\",\"url\":\"https:\/\/matsara.fr\/wp-content\/uploads\/2019\/06\/organic-store-logo5.svg\",\"contentUrl\":\"https:\/\/matsara.fr\/wp-content\/uploads\/2019\/06\/organic-store-logo5.svg\",\"caption\":\"matsara.fr\"},\"image\":{\"@id\":\"https:\/\/matsara.fr\/#\/schema\/logo\/image\/\"}}]}<\/script>\n<!-- \/ Yoast SEO plugin. -->","yoast_head_json":{"title":"Menakao arabica & sea salt 45% - matsara.fr","robots":{"index":"index","follow":"follow","max-snippet":"max-snippet:-1","max-image-preview":"max-image-preview:large","max-video-preview":"max-video-preview:-1"},"canonical":"https:\/\/matsara.fr\/?product=menakao-arabica-sea-salt-45","og_locale":"fr_FR","og_type":"article","og_title":"Menakao arabica & sea salt 45% - matsara.fr","og_description":"L\u2019alliance du caf\u00e9 pur Arabica, issu des hauts plateaux de Madagascar, et de sa pointe de sel apporte un go\u00fbt puissant \u00e0 ce d\u00e9licat et onctueux chocolat au lait. Ingr\u00e9dients F\u00e8ves de cacao de Madagascar, sucre de canne,\u00a0lait\u00a0entier en poudre, pur beurre de cacao, caf\u00e9 arabica, \u00e9mulsifiant : l\u00e9cithine de tournesol, fleur de sel marin. [&hellip;]","og_url":"https:\/\/matsara.fr\/?product=menakao-arabica-sea-salt-45","og_site_name":"matsara.fr","article_modified_time":"2025-01-23T09:38:30+00:00","og_image":[{"width":1241,"height":2245,"url":"https:\/\/matsara.fr\/wp-content\/uploads\/2023\/02\/Arabica-Sea-salt.jpg","type":"image\/jpeg"}],"twitter_card":"summary_large_image","schema":{"@context":"https:\/\/schema.org","@graph":[{"@type":"WebPage","@id":"https:\/\/matsara.fr\/?product=menakao-arabica-sea-salt-45","url":"https:\/\/matsara.fr\/?product=menakao-arabica-sea-salt-45","name":"Menakao arabica & sea salt 45% - matsara.fr","isPartOf":{"@id":"https:\/\/matsara.fr\/#website"},"primaryImageOfPage":{"@id":"https:\/\/matsara.fr\/?product=menakao-arabica-sea-salt-45#primaryimage"},"image":{"@id":"https:\/\/matsara.fr\/?product=menakao-arabica-sea-salt-45#primaryimage"},"thumbnailUrl":"https:\/\/matsara.fr\/wp-content\/uploads\/2023\/02\/Arabica-Sea-salt.jpg","datePublished":"2023-02-23T15:30:08+00:00","dateModified":"2025-01-23T09:38:30+00:00","breadcrumb":{"@id":"https:\/\/matsara.fr\/?product=menakao-arabica-sea-salt-45#breadcrumb"},"inLanguage":"fr-FR","potentialAction":[{"@type":"ReadAction","target":["https:\/\/matsara.fr\/?product=menakao-arabica-sea-salt-45"]}]},{"@type":"ImageObject","inLanguage":"fr-FR","@id":"https:\/\/matsara.fr\/?product=menakao-arabica-sea-salt-45#primaryimage","url":"https:\/\/matsara.fr\/wp-content\/uploads\/2023\/02\/Arabica-Sea-salt.jpg","contentUrl":"https:\/\/matsara.fr\/wp-content\/uploads\/2023\/02\/Arabica-Sea-salt.jpg","width":1241,"height":2245},{"@type":"BreadcrumbList","@id":"https:\/\/matsara.fr\/?product=menakao-arabica-sea-salt-45#breadcrumb","itemListElement":[{"@type":"ListItem","position":1,"name":"Accueil","item":"https:\/\/matsara.fr\/"},{"@type":"ListItem","position":2,"name":"Produits","item":"https:\/\/matsara.fr\/?post_type=product"},{"@type":"ListItem","position":3,"name":"Menakao arabica &#038; sea salt 45%"}]},{"@type":"WebSite","@id":"https:\/\/matsara.fr\/#website","url":"https:\/\/matsara.fr\/","name":"matsara.fr","description":"La vanille qui vous veut du bien","publisher":{"@id":"https:\/\/matsara.fr\/#organization"},"potentialAction":[{"@type":"SearchAction","target":{"@type":"EntryPoint","urlTemplate":"https:\/\/matsara.fr\/?s={search_term_string}"},"query-input":{"@type":"PropertyValueSpecification","valueRequired":true,"valueName":"search_term_string"}}],"inLanguage":"fr-FR"},{"@type":"Organization","@id":"https:\/\/matsara.fr\/#organization","name":"matsara.fr","url":"https:\/\/matsara.fr\/","logo":{"@type":"ImageObject","inLanguage":"fr-FR","@id":"https:\/\/matsara.fr\/#\/schema\/logo\/image\/","url":"https:\/\/matsara.fr\/wp-content\/uploads\/2019\/06\/organic-store-logo5.svg","contentUrl":"https:\/\/matsara.fr\/wp-content\/uploads\/2019\/06\/organic-store-logo5.svg","caption":"matsara.fr"},"image":{"@id":"https:\/\/matsara.fr\/#\/schema\/logo\/image\/"}}]}},"_links":{"self":[{"href":"https:\/\/matsara.fr\/index.php?rest_route=\/wp\/v2\/product\/5388","targetHints":{"allow":["GET"]}}],"collection":[{"href":"https:\/\/matsara.fr\/index.php?rest_route=\/wp\/v2\/product"}],"about":[{"href":"https:\/\/matsara.fr\/index.php?rest_route=\/wp\/v2\/types\/product"}],"replies":[{"embeddable":true,"href":"https:\/\/matsara.fr\/index.php?rest_route=%2Fwp%2Fv2%2Fcomments&post=5388"}],"wp:featuredmedia":[{"embeddable":true,"href":"https:\/\/matsara.fr\/index.php?rest_route=\/wp\/v2\/media\/5389"}],"wp:attachment":[{"href":"https:\/\/matsara.fr\/index.php?rest_route=%2Fwp%2Fv2%2Fmedia&parent=5388"}],"wp:term":[{"taxonomy":"product_brand","embeddable":true,"href":"https:\/\/matsara.fr\/index.php?rest_route=%2Fwp%2Fv2%2Fproduct_brand&post=5388"},{"taxonomy":"product_cat","embeddable":true,"href":"https:\/\/matsara.fr\/index.php?rest_route=%2Fwp%2Fv2%2Fproduct_cat&post=5388"},{"taxonomy":"product_tag","embeddable":true,"href":"https:\/\/matsara.fr\/index.php?rest_route=%2Fwp%2Fv2%2Fproduct_tag&post=5388"}],"curies":[{"name":"wp","href":"https:\/\/api.w.org\/{rel}","templated":true}]}}