{"id":5407,"date":"2023-02-23T16:36:54","date_gmt":"2023-02-23T16:36:54","guid":{"rendered":"https:\/\/matsara.fr\/?post_type=product&#038;p=5407"},"modified":"2025-01-23T09:38:11","modified_gmt":"2025-01-23T09:38:11","slug":"menakao-piment-langue-doiseau-63","status":"publish","type":"product","link":"https:\/\/matsara.fr\/?product=menakao-piment-langue-doiseau-63","title":{"rendered":"Menakao piment langue d&rsquo;oiseau 63%"},"content":{"rendered":"<p>La puissance du piment langue d\u2019oiseau contrebalanc\u00e9e par les notes de fruits rouges du chocolat r\u00e9veilleront vos papilles.<\/p>\n<p><strong><span class=\"elementor-divider-separator\"><span class=\"elementor-divider__text elementor-divider__element\">Ingr\u00e9dients<\/span><\/span><\/strong><\/p>\n<div class=\"elementor-element elementor-element-65cb5ec elementor-widget elementor-widget-woocommerce-product-content\" data-id=\"65cb5ec\" data-element_type=\"widget\" data-widget_type=\"woocommerce-product-content.default\">\n<div class=\"elementor-widget-container\">\n<p>F\u00e8ves de cacao de Madagascar, sucre de canne, pur beurre de cacao, \u00e9mulsifiant : l\u00e9cithine de tournesol, piment langue d\u2019oiseau.<\/p>\n<p><em>Pr\u00e9sence possible de fruits \u00e0 coque et de prot\u00e9ines de lait.<\/em><\/p>\n<\/div>\n<\/div>\n","protected":false},"excerpt":{"rendered":"<p>La puissance du piment langue d\u2019oiseau contrebalanc\u00e9e par les notes de fruits rouges du chocolat r\u00e9veilleront vos papilles. Ingr\u00e9dients F\u00e8ves de cacao de Madagascar, sucre de canne, pur beurre de cacao, \u00e9mulsifiant : l\u00e9cithine de tournesol, piment langue d\u2019oiseau. Pr\u00e9sence possible de fruits \u00e0 coque et de prot\u00e9ines de lait.<\/p>\n","protected":false},"featured_media":5408,"comment_status":"open","ping_status":"closed","template":"","meta":{"_et_pb_use_builder":"","_et_pb_old_content":"","_et_gb_content_width":""},"product_brand":[],"product_cat":[331,43],"product_tag":[146,145],"class_list":{"0":"post-5407","1":"product","2":"type-product","3":"status-publish","4":"has-post-thumbnail","6":"product_cat-chocolat-sucre","7":"product_cat-epicerie","8":"product_tag-bird-chili","9":"product_tag-chocolat-piment-langue-doiseau","11":"first","12":"outofstock","13":"taxable","14":"shipping-taxable","15":"purchasable","16":"product-type-simple"},"yoast_head":"<!-- This site is optimized with the Yoast SEO plugin v26.4 - https:\/\/yoast.com\/wordpress\/plugins\/seo\/ -->\n<title>Menakao piment langue d&#039;oiseau 63% - matsara.fr<\/title>\n<meta name=\"robots\" content=\"index, follow, max-snippet:-1, max-image-preview:large, max-video-preview:-1\" \/>\n<link rel=\"canonical\" href=\"https:\/\/matsara.fr\/?product=menakao-piment-langue-doiseau-63\" \/>\n<meta property=\"og:locale\" content=\"fr_FR\" \/>\n<meta property=\"og:type\" content=\"article\" \/>\n<meta property=\"og:title\" content=\"Menakao piment langue d&#039;oiseau 63% - matsara.fr\" \/>\n<meta property=\"og:description\" content=\"La puissance du piment langue d\u2019oiseau contrebalanc\u00e9e par les notes de fruits rouges du chocolat r\u00e9veilleront vos papilles. Ingr\u00e9dients F\u00e8ves de cacao de Madagascar, sucre de canne, pur beurre de cacao, \u00e9mulsifiant : l\u00e9cithine de tournesol, piment langue d\u2019oiseau. Pr\u00e9sence possible de fruits \u00e0 coque et de prot\u00e9ines de lait.\" \/>\n<meta property=\"og:url\" content=\"https:\/\/matsara.fr\/?product=menakao-piment-langue-doiseau-63\" \/>\n<meta property=\"og:site_name\" content=\"matsara.fr\" \/>\n<meta property=\"article:modified_time\" content=\"2025-01-23T09:38:11+00:00\" \/>\n<meta property=\"og:image\" content=\"https:\/\/matsara.fr\/wp-content\/uploads\/2023\/02\/Menakao-CHILI-BIRD.jpg\" \/>\n\t<meta property=\"og:image:width\" content=\"1241\" \/>\n\t<meta property=\"og:image:height\" content=\"2245\" \/>\n\t<meta property=\"og:image:type\" content=\"image\/jpeg\" \/>\n<meta name=\"twitter:card\" content=\"summary_large_image\" \/>\n<script type=\"application\/ld+json\" class=\"yoast-schema-graph\">{\"@context\":\"https:\/\/schema.org\",\"@graph\":[{\"@type\":\"WebPage\",\"@id\":\"https:\/\/matsara.fr\/?product=menakao-piment-langue-doiseau-63\",\"url\":\"https:\/\/matsara.fr\/?product=menakao-piment-langue-doiseau-63\",\"name\":\"Menakao piment langue d'oiseau 63% - matsara.fr\",\"isPartOf\":{\"@id\":\"https:\/\/matsara.fr\/#website\"},\"primaryImageOfPage\":{\"@id\":\"https:\/\/matsara.fr\/?product=menakao-piment-langue-doiseau-63#primaryimage\"},\"image\":{\"@id\":\"https:\/\/matsara.fr\/?product=menakao-piment-langue-doiseau-63#primaryimage\"},\"thumbnailUrl\":\"https:\/\/matsara.fr\/wp-content\/uploads\/2023\/02\/Menakao-CHILI-BIRD.jpg\",\"datePublished\":\"2023-02-23T16:36:54+00:00\",\"dateModified\":\"2025-01-23T09:38:11+00:00\",\"breadcrumb\":{\"@id\":\"https:\/\/matsara.fr\/?product=menakao-piment-langue-doiseau-63#breadcrumb\"},\"inLanguage\":\"fr-FR\",\"potentialAction\":[{\"@type\":\"ReadAction\",\"target\":[\"https:\/\/matsara.fr\/?product=menakao-piment-langue-doiseau-63\"]}]},{\"@type\":\"ImageObject\",\"inLanguage\":\"fr-FR\",\"@id\":\"https:\/\/matsara.fr\/?product=menakao-piment-langue-doiseau-63#primaryimage\",\"url\":\"https:\/\/matsara.fr\/wp-content\/uploads\/2023\/02\/Menakao-CHILI-BIRD.jpg\",\"contentUrl\":\"https:\/\/matsara.fr\/wp-content\/uploads\/2023\/02\/Menakao-CHILI-BIRD.jpg\",\"width\":1241,\"height\":2245},{\"@type\":\"BreadcrumbList\",\"@id\":\"https:\/\/matsara.fr\/?product=menakao-piment-langue-doiseau-63#breadcrumb\",\"itemListElement\":[{\"@type\":\"ListItem\",\"position\":1,\"name\":\"Accueil\",\"item\":\"https:\/\/matsara.fr\/\"},{\"@type\":\"ListItem\",\"position\":2,\"name\":\"Produits\",\"item\":\"https:\/\/matsara.fr\/?post_type=product\"},{\"@type\":\"ListItem\",\"position\":3,\"name\":\"Menakao piment langue d&rsquo;oiseau 63%\"}]},{\"@type\":\"WebSite\",\"@id\":\"https:\/\/matsara.fr\/#website\",\"url\":\"https:\/\/matsara.fr\/\",\"name\":\"matsara.fr\",\"description\":\"La vanille qui vous veut du bien\",\"publisher\":{\"@id\":\"https:\/\/matsara.fr\/#organization\"},\"potentialAction\":[{\"@type\":\"SearchAction\",\"target\":{\"@type\":\"EntryPoint\",\"urlTemplate\":\"https:\/\/matsara.fr\/?s={search_term_string}\"},\"query-input\":{\"@type\":\"PropertyValueSpecification\",\"valueRequired\":true,\"valueName\":\"search_term_string\"}}],\"inLanguage\":\"fr-FR\"},{\"@type\":\"Organization\",\"@id\":\"https:\/\/matsara.fr\/#organization\",\"name\":\"matsara.fr\",\"url\":\"https:\/\/matsara.fr\/\",\"logo\":{\"@type\":\"ImageObject\",\"inLanguage\":\"fr-FR\",\"@id\":\"https:\/\/matsara.fr\/#\/schema\/logo\/image\/\",\"url\":\"https:\/\/matsara.fr\/wp-content\/uploads\/2019\/06\/organic-store-logo5.svg\",\"contentUrl\":\"https:\/\/matsara.fr\/wp-content\/uploads\/2019\/06\/organic-store-logo5.svg\",\"caption\":\"matsara.fr\"},\"image\":{\"@id\":\"https:\/\/matsara.fr\/#\/schema\/logo\/image\/\"}}]}<\/script>\n<!-- \/ Yoast SEO plugin. -->","yoast_head_json":{"title":"Menakao piment langue d'oiseau 63% - matsara.fr","robots":{"index":"index","follow":"follow","max-snippet":"max-snippet:-1","max-image-preview":"max-image-preview:large","max-video-preview":"max-video-preview:-1"},"canonical":"https:\/\/matsara.fr\/?product=menakao-piment-langue-doiseau-63","og_locale":"fr_FR","og_type":"article","og_title":"Menakao piment langue d'oiseau 63% - matsara.fr","og_description":"La puissance du piment langue d\u2019oiseau contrebalanc\u00e9e par les notes de fruits rouges du chocolat r\u00e9veilleront vos papilles. Ingr\u00e9dients F\u00e8ves de cacao de Madagascar, sucre de canne, pur beurre de cacao, \u00e9mulsifiant : l\u00e9cithine de tournesol, piment langue d\u2019oiseau. Pr\u00e9sence possible de fruits \u00e0 coque et de prot\u00e9ines de lait.","og_url":"https:\/\/matsara.fr\/?product=menakao-piment-langue-doiseau-63","og_site_name":"matsara.fr","article_modified_time":"2025-01-23T09:38:11+00:00","og_image":[{"width":1241,"height":2245,"url":"https:\/\/matsara.fr\/wp-content\/uploads\/2023\/02\/Menakao-CHILI-BIRD.jpg","type":"image\/jpeg"}],"twitter_card":"summary_large_image","schema":{"@context":"https:\/\/schema.org","@graph":[{"@type":"WebPage","@id":"https:\/\/matsara.fr\/?product=menakao-piment-langue-doiseau-63","url":"https:\/\/matsara.fr\/?product=menakao-piment-langue-doiseau-63","name":"Menakao piment langue d'oiseau 63% - matsara.fr","isPartOf":{"@id":"https:\/\/matsara.fr\/#website"},"primaryImageOfPage":{"@id":"https:\/\/matsara.fr\/?product=menakao-piment-langue-doiseau-63#primaryimage"},"image":{"@id":"https:\/\/matsara.fr\/?product=menakao-piment-langue-doiseau-63#primaryimage"},"thumbnailUrl":"https:\/\/matsara.fr\/wp-content\/uploads\/2023\/02\/Menakao-CHILI-BIRD.jpg","datePublished":"2023-02-23T16:36:54+00:00","dateModified":"2025-01-23T09:38:11+00:00","breadcrumb":{"@id":"https:\/\/matsara.fr\/?product=menakao-piment-langue-doiseau-63#breadcrumb"},"inLanguage":"fr-FR","potentialAction":[{"@type":"ReadAction","target":["https:\/\/matsara.fr\/?product=menakao-piment-langue-doiseau-63"]}]},{"@type":"ImageObject","inLanguage":"fr-FR","@id":"https:\/\/matsara.fr\/?product=menakao-piment-langue-doiseau-63#primaryimage","url":"https:\/\/matsara.fr\/wp-content\/uploads\/2023\/02\/Menakao-CHILI-BIRD.jpg","contentUrl":"https:\/\/matsara.fr\/wp-content\/uploads\/2023\/02\/Menakao-CHILI-BIRD.jpg","width":1241,"height":2245},{"@type":"BreadcrumbList","@id":"https:\/\/matsara.fr\/?product=menakao-piment-langue-doiseau-63#breadcrumb","itemListElement":[{"@type":"ListItem","position":1,"name":"Accueil","item":"https:\/\/matsara.fr\/"},{"@type":"ListItem","position":2,"name":"Produits","item":"https:\/\/matsara.fr\/?post_type=product"},{"@type":"ListItem","position":3,"name":"Menakao piment langue d&rsquo;oiseau 63%"}]},{"@type":"WebSite","@id":"https:\/\/matsara.fr\/#website","url":"https:\/\/matsara.fr\/","name":"matsara.fr","description":"La vanille qui vous veut du bien","publisher":{"@id":"https:\/\/matsara.fr\/#organization"},"potentialAction":[{"@type":"SearchAction","target":{"@type":"EntryPoint","urlTemplate":"https:\/\/matsara.fr\/?s={search_term_string}"},"query-input":{"@type":"PropertyValueSpecification","valueRequired":true,"valueName":"search_term_string"}}],"inLanguage":"fr-FR"},{"@type":"Organization","@id":"https:\/\/matsara.fr\/#organization","name":"matsara.fr","url":"https:\/\/matsara.fr\/","logo":{"@type":"ImageObject","inLanguage":"fr-FR","@id":"https:\/\/matsara.fr\/#\/schema\/logo\/image\/","url":"https:\/\/matsara.fr\/wp-content\/uploads\/2019\/06\/organic-store-logo5.svg","contentUrl":"https:\/\/matsara.fr\/wp-content\/uploads\/2019\/06\/organic-store-logo5.svg","caption":"matsara.fr"},"image":{"@id":"https:\/\/matsara.fr\/#\/schema\/logo\/image\/"}}]}},"_links":{"self":[{"href":"https:\/\/matsara.fr\/index.php?rest_route=\/wp\/v2\/product\/5407","targetHints":{"allow":["GET"]}}],"collection":[{"href":"https:\/\/matsara.fr\/index.php?rest_route=\/wp\/v2\/product"}],"about":[{"href":"https:\/\/matsara.fr\/index.php?rest_route=\/wp\/v2\/types\/product"}],"replies":[{"embeddable":true,"href":"https:\/\/matsara.fr\/index.php?rest_route=%2Fwp%2Fv2%2Fcomments&post=5407"}],"wp:featuredmedia":[{"embeddable":true,"href":"https:\/\/matsara.fr\/index.php?rest_route=\/wp\/v2\/media\/5408"}],"wp:attachment":[{"href":"https:\/\/matsara.fr\/index.php?rest_route=%2Fwp%2Fv2%2Fmedia&parent=5407"}],"wp:term":[{"taxonomy":"product_brand","embeddable":true,"href":"https:\/\/matsara.fr\/index.php?rest_route=%2Fwp%2Fv2%2Fproduct_brand&post=5407"},{"taxonomy":"product_cat","embeddable":true,"href":"https:\/\/matsara.fr\/index.php?rest_route=%2Fwp%2Fv2%2Fproduct_cat&post=5407"},{"taxonomy":"product_tag","embeddable":true,"href":"https:\/\/matsara.fr\/index.php?rest_route=%2Fwp%2Fv2%2Fproduct_tag&post=5407"}],"curies":[{"name":"wp","href":"https:\/\/api.w.org\/{rel}","templated":true}]}}