{"id":5461,"date":"2023-03-02T11:11:26","date_gmt":"2023-03-02T11:11:26","guid":{"rendered":"https:\/\/matsara.fr\/?post_type=product&#038;p=5461"},"modified":"2025-01-23T13:34:44","modified_gmt":"2025-01-23T13:34:44","slug":"extra-fonce-shampooing-jamaicain-a-lhuile-de-ricin-noir","status":"publish","type":"product","link":"https:\/\/matsara.fr\/?product=extra-fonce-shampooing-jamaicain-a-lhuile-de-ricin-noir","title":{"rendered":"Extra fonce shampooing Jama\u00efcain \u00e0 l&rsquo;huile de ricin noir"},"content":{"rendered":"<p>Notre formule douce mais efficace est enrichie d&rsquo;humectants et d&rsquo;agents revitalisants pour ajouter instantan\u00e9ment du volume, renforcer et faire briller les cheveux secs et ternes. L&rsquo;huile de ricin noir jama\u00efcain 100% pure et naturelle aide au traitement des cuirs chevelus secs et d\u00e9mangeaisons et aide les cheveux longs, forts et nourris en profondeur. Sans danger pour tous les types, textures et tresses de couleur trait\u00e9es !<\/p>\n<p><strong>Utilisations et avantages des cheveux :<\/strong><\/p>\n<ul>\n<li>Sans sulfate et sans paraben<\/li>\n<li>Renforce les cheveux de la racine aux pointes<\/li>\n<li>Parfait pour les cheveux color\u00e9s<\/li>\n<li>Excellent pour tous les types et toutes les textures de boucles, de rouleaux et de rouleaux<\/li>\n<li>Laisse les cheveux soyeux, doux et faciles \u00e0 coiffer<\/li>\n<li>\u00c9paissit et donne du volume aux cheveux clairsem\u00e9s<\/li>\n<li>Ajoute de la brillance<\/li>\n<li>Aide les cuirs chevelus secs et d\u00e9mangeaisons<\/li>\n<\/ul>\n","protected":false},"excerpt":{"rendered":"<p style=\"text-align: center;\">&#8230;<\/p>\n","protected":false},"featured_media":5462,"comment_status":"open","ping_status":"closed","template":"","meta":{"_et_pb_use_builder":"","_et_pb_old_content":"","_et_gb_content_width":""},"product_brand":[],"product_cat":[39,336],"product_tag":[158],"class_list":{"0":"post-5461","1":"product","2":"type-product","3":"status-publish","4":"has-post-thumbnail","6":"product_cat-soin-et-bien-etre","7":"product_cat-soin-visage-cheveux","8":"product_tag-shampooing-extra-hydrating","10":"first","11":"instock","12":"taxable","13":"shipping-taxable","14":"purchasable","15":"product-type-simple"},"yoast_head":"<!-- This site is optimized with the Yoast SEO plugin v26.4 - https:\/\/yoast.com\/wordpress\/plugins\/seo\/ -->\n<title>Extra fonce shampooing Jama\u00efcain \u00e0 l&#039;huile de ricin noir - matsara.fr<\/title>\n<meta name=\"robots\" content=\"index, follow, max-snippet:-1, max-image-preview:large, max-video-preview:-1\" \/>\n<link rel=\"canonical\" href=\"https:\/\/matsara.fr\/?product=extra-fonce-shampooing-jamaicain-a-lhuile-de-ricin-noir\" \/>\n<meta property=\"og:locale\" content=\"fr_FR\" \/>\n<meta property=\"og:type\" content=\"article\" \/>\n<meta property=\"og:title\" content=\"Extra fonce shampooing Jama\u00efcain \u00e0 l&#039;huile de ricin noir - matsara.fr\" \/>\n<meta property=\"og:description\" content=\"...\" \/>\n<meta property=\"og:url\" content=\"https:\/\/matsara.fr\/?product=extra-fonce-shampooing-jamaicain-a-lhuile-de-ricin-noir\" \/>\n<meta property=\"og:site_name\" content=\"matsara.fr\" \/>\n<meta property=\"article:modified_time\" content=\"2025-01-23T13:34:44+00:00\" \/>\n<meta property=\"og:image\" content=\"https:\/\/matsara.fr\/wp-content\/uploads\/2023\/03\/Extra-hydrating-shampooing.webp\" \/>\n\t<meta property=\"og:image:width\" content=\"1200\" \/>\n\t<meta property=\"og:image:height\" content=\"1200\" \/>\n\t<meta property=\"og:image:type\" content=\"image\/webp\" \/>\n<meta name=\"twitter:card\" content=\"summary_large_image\" \/>\n<meta name=\"twitter:label1\" content=\"Dur\u00e9e de lecture estim\u00e9e\" \/>\n\t<meta name=\"twitter:data1\" content=\"1 minute\" \/>\n<script type=\"application\/ld+json\" class=\"yoast-schema-graph\">{\"@context\":\"https:\/\/schema.org\",\"@graph\":[{\"@type\":\"WebPage\",\"@id\":\"https:\/\/matsara.fr\/?product=extra-fonce-shampooing-jamaicain-a-lhuile-de-ricin-noir\",\"url\":\"https:\/\/matsara.fr\/?product=extra-fonce-shampooing-jamaicain-a-lhuile-de-ricin-noir\",\"name\":\"Extra fonce shampooing Jama\u00efcain \u00e0 l'huile de ricin noir - matsara.fr\",\"isPartOf\":{\"@id\":\"https:\/\/matsara.fr\/#website\"},\"primaryImageOfPage\":{\"@id\":\"https:\/\/matsara.fr\/?product=extra-fonce-shampooing-jamaicain-a-lhuile-de-ricin-noir#primaryimage\"},\"image\":{\"@id\":\"https:\/\/matsara.fr\/?product=extra-fonce-shampooing-jamaicain-a-lhuile-de-ricin-noir#primaryimage\"},\"thumbnailUrl\":\"https:\/\/matsara.fr\/wp-content\/uploads\/2023\/03\/Extra-hydrating-shampooing.webp\",\"datePublished\":\"2023-03-02T11:11:26+00:00\",\"dateModified\":\"2025-01-23T13:34:44+00:00\",\"breadcrumb\":{\"@id\":\"https:\/\/matsara.fr\/?product=extra-fonce-shampooing-jamaicain-a-lhuile-de-ricin-noir#breadcrumb\"},\"inLanguage\":\"fr-FR\",\"potentialAction\":[{\"@type\":\"ReadAction\",\"target\":[\"https:\/\/matsara.fr\/?product=extra-fonce-shampooing-jamaicain-a-lhuile-de-ricin-noir\"]}]},{\"@type\":\"ImageObject\",\"inLanguage\":\"fr-FR\",\"@id\":\"https:\/\/matsara.fr\/?product=extra-fonce-shampooing-jamaicain-a-lhuile-de-ricin-noir#primaryimage\",\"url\":\"https:\/\/matsara.fr\/wp-content\/uploads\/2023\/03\/Extra-hydrating-shampooing.webp\",\"contentUrl\":\"https:\/\/matsara.fr\/wp-content\/uploads\/2023\/03\/Extra-hydrating-shampooing.webp\",\"width\":1200,\"height\":1200},{\"@type\":\"BreadcrumbList\",\"@id\":\"https:\/\/matsara.fr\/?product=extra-fonce-shampooing-jamaicain-a-lhuile-de-ricin-noir#breadcrumb\",\"itemListElement\":[{\"@type\":\"ListItem\",\"position\":1,\"name\":\"Accueil\",\"item\":\"https:\/\/matsara.fr\/\"},{\"@type\":\"ListItem\",\"position\":2,\"name\":\"Produits\",\"item\":\"https:\/\/matsara.fr\/?post_type=product\"},{\"@type\":\"ListItem\",\"position\":3,\"name\":\"Extra fonce shampooing Jama\u00efcain \u00e0 l&rsquo;huile de ricin noir\"}]},{\"@type\":\"WebSite\",\"@id\":\"https:\/\/matsara.fr\/#website\",\"url\":\"https:\/\/matsara.fr\/\",\"name\":\"matsara.fr\",\"description\":\"La vanille qui vous veut du bien\",\"publisher\":{\"@id\":\"https:\/\/matsara.fr\/#organization\"},\"potentialAction\":[{\"@type\":\"SearchAction\",\"target\":{\"@type\":\"EntryPoint\",\"urlTemplate\":\"https:\/\/matsara.fr\/?s={search_term_string}\"},\"query-input\":{\"@type\":\"PropertyValueSpecification\",\"valueRequired\":true,\"valueName\":\"search_term_string\"}}],\"inLanguage\":\"fr-FR\"},{\"@type\":\"Organization\",\"@id\":\"https:\/\/matsara.fr\/#organization\",\"name\":\"matsara.fr\",\"url\":\"https:\/\/matsara.fr\/\",\"logo\":{\"@type\":\"ImageObject\",\"inLanguage\":\"fr-FR\",\"@id\":\"https:\/\/matsara.fr\/#\/schema\/logo\/image\/\",\"url\":\"https:\/\/matsara.fr\/wp-content\/uploads\/2019\/06\/organic-store-logo5.svg\",\"contentUrl\":\"https:\/\/matsara.fr\/wp-content\/uploads\/2019\/06\/organic-store-logo5.svg\",\"caption\":\"matsara.fr\"},\"image\":{\"@id\":\"https:\/\/matsara.fr\/#\/schema\/logo\/image\/\"}}]}<\/script>\n<!-- \/ Yoast SEO plugin. -->","yoast_head_json":{"title":"Extra fonce shampooing Jama\u00efcain \u00e0 l'huile de ricin noir - matsara.fr","robots":{"index":"index","follow":"follow","max-snippet":"max-snippet:-1","max-image-preview":"max-image-preview:large","max-video-preview":"max-video-preview:-1"},"canonical":"https:\/\/matsara.fr\/?product=extra-fonce-shampooing-jamaicain-a-lhuile-de-ricin-noir","og_locale":"fr_FR","og_type":"article","og_title":"Extra fonce shampooing Jama\u00efcain \u00e0 l'huile de ricin noir - matsara.fr","og_description":"...","og_url":"https:\/\/matsara.fr\/?product=extra-fonce-shampooing-jamaicain-a-lhuile-de-ricin-noir","og_site_name":"matsara.fr","article_modified_time":"2025-01-23T13:34:44+00:00","og_image":[{"width":1200,"height":1200,"url":"https:\/\/matsara.fr\/wp-content\/uploads\/2023\/03\/Extra-hydrating-shampooing.webp","type":"image\/webp"}],"twitter_card":"summary_large_image","twitter_misc":{"Dur\u00e9e de lecture estim\u00e9e":"1 minute"},"schema":{"@context":"https:\/\/schema.org","@graph":[{"@type":"WebPage","@id":"https:\/\/matsara.fr\/?product=extra-fonce-shampooing-jamaicain-a-lhuile-de-ricin-noir","url":"https:\/\/matsara.fr\/?product=extra-fonce-shampooing-jamaicain-a-lhuile-de-ricin-noir","name":"Extra fonce shampooing Jama\u00efcain \u00e0 l'huile de ricin noir - matsara.fr","isPartOf":{"@id":"https:\/\/matsara.fr\/#website"},"primaryImageOfPage":{"@id":"https:\/\/matsara.fr\/?product=extra-fonce-shampooing-jamaicain-a-lhuile-de-ricin-noir#primaryimage"},"image":{"@id":"https:\/\/matsara.fr\/?product=extra-fonce-shampooing-jamaicain-a-lhuile-de-ricin-noir#primaryimage"},"thumbnailUrl":"https:\/\/matsara.fr\/wp-content\/uploads\/2023\/03\/Extra-hydrating-shampooing.webp","datePublished":"2023-03-02T11:11:26+00:00","dateModified":"2025-01-23T13:34:44+00:00","breadcrumb":{"@id":"https:\/\/matsara.fr\/?product=extra-fonce-shampooing-jamaicain-a-lhuile-de-ricin-noir#breadcrumb"},"inLanguage":"fr-FR","potentialAction":[{"@type":"ReadAction","target":["https:\/\/matsara.fr\/?product=extra-fonce-shampooing-jamaicain-a-lhuile-de-ricin-noir"]}]},{"@type":"ImageObject","inLanguage":"fr-FR","@id":"https:\/\/matsara.fr\/?product=extra-fonce-shampooing-jamaicain-a-lhuile-de-ricin-noir#primaryimage","url":"https:\/\/matsara.fr\/wp-content\/uploads\/2023\/03\/Extra-hydrating-shampooing.webp","contentUrl":"https:\/\/matsara.fr\/wp-content\/uploads\/2023\/03\/Extra-hydrating-shampooing.webp","width":1200,"height":1200},{"@type":"BreadcrumbList","@id":"https:\/\/matsara.fr\/?product=extra-fonce-shampooing-jamaicain-a-lhuile-de-ricin-noir#breadcrumb","itemListElement":[{"@type":"ListItem","position":1,"name":"Accueil","item":"https:\/\/matsara.fr\/"},{"@type":"ListItem","position":2,"name":"Produits","item":"https:\/\/matsara.fr\/?post_type=product"},{"@type":"ListItem","position":3,"name":"Extra fonce shampooing Jama\u00efcain \u00e0 l&rsquo;huile de ricin noir"}]},{"@type":"WebSite","@id":"https:\/\/matsara.fr\/#website","url":"https:\/\/matsara.fr\/","name":"matsara.fr","description":"La vanille qui vous veut du bien","publisher":{"@id":"https:\/\/matsara.fr\/#organization"},"potentialAction":[{"@type":"SearchAction","target":{"@type":"EntryPoint","urlTemplate":"https:\/\/matsara.fr\/?s={search_term_string}"},"query-input":{"@type":"PropertyValueSpecification","valueRequired":true,"valueName":"search_term_string"}}],"inLanguage":"fr-FR"},{"@type":"Organization","@id":"https:\/\/matsara.fr\/#organization","name":"matsara.fr","url":"https:\/\/matsara.fr\/","logo":{"@type":"ImageObject","inLanguage":"fr-FR","@id":"https:\/\/matsara.fr\/#\/schema\/logo\/image\/","url":"https:\/\/matsara.fr\/wp-content\/uploads\/2019\/06\/organic-store-logo5.svg","contentUrl":"https:\/\/matsara.fr\/wp-content\/uploads\/2019\/06\/organic-store-logo5.svg","caption":"matsara.fr"},"image":{"@id":"https:\/\/matsara.fr\/#\/schema\/logo\/image\/"}}]}},"_links":{"self":[{"href":"https:\/\/matsara.fr\/index.php?rest_route=\/wp\/v2\/product\/5461","targetHints":{"allow":["GET"]}}],"collection":[{"href":"https:\/\/matsara.fr\/index.php?rest_route=\/wp\/v2\/product"}],"about":[{"href":"https:\/\/matsara.fr\/index.php?rest_route=\/wp\/v2\/types\/product"}],"replies":[{"embeddable":true,"href":"https:\/\/matsara.fr\/index.php?rest_route=%2Fwp%2Fv2%2Fcomments&post=5461"}],"wp:featuredmedia":[{"embeddable":true,"href":"https:\/\/matsara.fr\/index.php?rest_route=\/wp\/v2\/media\/5462"}],"wp:attachment":[{"href":"https:\/\/matsara.fr\/index.php?rest_route=%2Fwp%2Fv2%2Fmedia&parent=5461"}],"wp:term":[{"taxonomy":"product_brand","embeddable":true,"href":"https:\/\/matsara.fr\/index.php?rest_route=%2Fwp%2Fv2%2Fproduct_brand&post=5461"},{"taxonomy":"product_cat","embeddable":true,"href":"https:\/\/matsara.fr\/index.php?rest_route=%2Fwp%2Fv2%2Fproduct_cat&post=5461"},{"taxonomy":"product_tag","embeddable":true,"href":"https:\/\/matsara.fr\/index.php?rest_route=%2Fwp%2Fv2%2Fproduct_tag&post=5461"}],"curies":[{"name":"wp","href":"https:\/\/api.w.org\/{rel}","templated":true}]}}