{"id":5619,"date":"2023-03-16T11:12:27","date_gmt":"2023-03-16T11:12:27","guid":{"rendered":"https:\/\/matsara.fr\/?post_type=product&#038;p=5619"},"modified":"2025-01-23T10:42:38","modified_gmt":"2025-01-23T10:42:38","slug":"huile-vierge-de-sesame-bio-100-ml","status":"publish","type":"product","link":"https:\/\/matsara.fr\/?product=huile-vierge-de-sesame-bio-100-ml","title":{"rendered":"Huile vierge de s\u00e9same BIO, 100 ml"},"content":{"rendered":"<h3>Conseil :<\/h3>\n<p>Appliquer matin et soir sur la peau. En cuisine, pr\u00e9f\u00e9rer une utilisation \u00e0 froid ou en cuisson douce pour conserver ses ar\u00f4mes d\u00e9licats.<\/p>\n<h3>Composition :<\/h3>\n<p>Sesamum indicum * * Issu de l&rsquo;agriculture Biologique.<\/p>\n<p><span class=\"vert\">Origine :<\/span>\u00a0Mali<\/p>\n","protected":false},"excerpt":{"rendered":"<p>100% pure et vierge, premi\u00e8re pression \u00e0 froid R\u00e9g\u00e9n\u00e9rante, revitalisante, antioxydants et anti-\u00e2ge, elle est excellente pour les peaux s\u00e8ches et irrit\u00e9es ainsi que pour le soin des cheveux secs et abim\u00e9s. Sa tr\u00e8s bonne p\u00e9n\u00e9tration en fait un support id\u00e9al pour le massage. Elle est utilis\u00e9e pour diluer les huiles essentielles, elle vectorisera vos synergies aromatiques \u00e0 travers la peau. Peut s\u2019utiliser aussi en d\u00e9maquillant naturel.<\/p>\n","protected":false},"featured_media":5620,"comment_status":"open","ping_status":"closed","template":"","meta":{"_et_pb_use_builder":"","_et_pb_old_content":"","_et_gb_content_width":""},"product_brand":[],"product_cat":[335,39],"product_tag":[194],"class_list":{"0":"post-5619","1":"product","2":"type-product","3":"status-publish","4":"has-post-thumbnail","6":"product_cat-huile-vegetale","7":"product_cat-soin-et-bien-etre","8":"product_tag-huile-vierge-de-sesame-bio","10":"first","11":"instock","12":"taxable","13":"shipping-taxable","14":"purchasable","15":"product-type-simple"},"yoast_head":"<!-- This site is optimized with the Yoast SEO plugin v26.4 - https:\/\/yoast.com\/wordpress\/plugins\/seo\/ -->\n<title>Huile vierge de s\u00e9same BIO, 100 ml - matsara.fr<\/title>\n<meta name=\"robots\" content=\"index, follow, max-snippet:-1, max-image-preview:large, max-video-preview:-1\" \/>\n<link rel=\"canonical\" href=\"https:\/\/matsara.fr\/?product=huile-vierge-de-sesame-bio-100-ml\" \/>\n<meta property=\"og:locale\" content=\"fr_FR\" \/>\n<meta property=\"og:type\" content=\"article\" \/>\n<meta property=\"og:title\" content=\"Huile vierge de s\u00e9same BIO, 100 ml - matsara.fr\" \/>\n<meta property=\"og:description\" content=\"100% pure et vierge, premi\u00e8re pression \u00e0 froid R\u00e9g\u00e9n\u00e9rante, revitalisante, antioxydants et anti-\u00e2ge, elle est excellente pour les peaux s\u00e8ches et irrit\u00e9es ainsi que pour le soin des cheveux secs et abim\u00e9s. Sa tr\u00e8s bonne p\u00e9n\u00e9tration en fait un support id\u00e9al pour le massage. Elle est utilis\u00e9e pour diluer les huiles essentielles, elle vectorisera vos synergies aromatiques \u00e0 travers la peau. Peut s\u2019utiliser aussi en d\u00e9maquillant naturel.\" \/>\n<meta property=\"og:url\" content=\"https:\/\/matsara.fr\/?product=huile-vierge-de-sesame-bio-100-ml\" \/>\n<meta property=\"og:site_name\" content=\"matsara.fr\" \/>\n<meta property=\"article:modified_time\" content=\"2025-01-23T10:42:38+00:00\" \/>\n<meta property=\"og:image\" content=\"https:\/\/matsara.fr\/wp-content\/uploads\/2023\/03\/sesame-100ml.png\" \/>\n\t<meta property=\"og:image:width\" content=\"315\" \/>\n\t<meta property=\"og:image:height\" content=\"473\" \/>\n\t<meta property=\"og:image:type\" content=\"image\/png\" \/>\n<meta name=\"twitter:card\" content=\"summary_large_image\" \/>\n<script type=\"application\/ld+json\" class=\"yoast-schema-graph\">{\"@context\":\"https:\/\/schema.org\",\"@graph\":[{\"@type\":\"WebPage\",\"@id\":\"https:\/\/matsara.fr\/?product=huile-vierge-de-sesame-bio-100-ml\",\"url\":\"https:\/\/matsara.fr\/?product=huile-vierge-de-sesame-bio-100-ml\",\"name\":\"Huile vierge de s\u00e9same BIO, 100 ml - matsara.fr\",\"isPartOf\":{\"@id\":\"https:\/\/matsara.fr\/#website\"},\"primaryImageOfPage\":{\"@id\":\"https:\/\/matsara.fr\/?product=huile-vierge-de-sesame-bio-100-ml#primaryimage\"},\"image\":{\"@id\":\"https:\/\/matsara.fr\/?product=huile-vierge-de-sesame-bio-100-ml#primaryimage\"},\"thumbnailUrl\":\"https:\/\/matsara.fr\/wp-content\/uploads\/2023\/03\/sesame-100ml.png\",\"datePublished\":\"2023-03-16T11:12:27+00:00\",\"dateModified\":\"2025-01-23T10:42:38+00:00\",\"breadcrumb\":{\"@id\":\"https:\/\/matsara.fr\/?product=huile-vierge-de-sesame-bio-100-ml#breadcrumb\"},\"inLanguage\":\"fr-FR\",\"potentialAction\":[{\"@type\":\"ReadAction\",\"target\":[\"https:\/\/matsara.fr\/?product=huile-vierge-de-sesame-bio-100-ml\"]}]},{\"@type\":\"ImageObject\",\"inLanguage\":\"fr-FR\",\"@id\":\"https:\/\/matsara.fr\/?product=huile-vierge-de-sesame-bio-100-ml#primaryimage\",\"url\":\"https:\/\/matsara.fr\/wp-content\/uploads\/2023\/03\/sesame-100ml.png\",\"contentUrl\":\"https:\/\/matsara.fr\/wp-content\/uploads\/2023\/03\/sesame-100ml.png\",\"width\":315,\"height\":473},{\"@type\":\"BreadcrumbList\",\"@id\":\"https:\/\/matsara.fr\/?product=huile-vierge-de-sesame-bio-100-ml#breadcrumb\",\"itemListElement\":[{\"@type\":\"ListItem\",\"position\":1,\"name\":\"Accueil\",\"item\":\"https:\/\/matsara.fr\/\"},{\"@type\":\"ListItem\",\"position\":2,\"name\":\"Produits\",\"item\":\"https:\/\/matsara.fr\/?post_type=product\"},{\"@type\":\"ListItem\",\"position\":3,\"name\":\"Huile vierge de s\u00e9same BIO, 100 ml\"}]},{\"@type\":\"WebSite\",\"@id\":\"https:\/\/matsara.fr\/#website\",\"url\":\"https:\/\/matsara.fr\/\",\"name\":\"matsara.fr\",\"description\":\"La vanille qui vous veut du bien\",\"publisher\":{\"@id\":\"https:\/\/matsara.fr\/#organization\"},\"potentialAction\":[{\"@type\":\"SearchAction\",\"target\":{\"@type\":\"EntryPoint\",\"urlTemplate\":\"https:\/\/matsara.fr\/?s={search_term_string}\"},\"query-input\":{\"@type\":\"PropertyValueSpecification\",\"valueRequired\":true,\"valueName\":\"search_term_string\"}}],\"inLanguage\":\"fr-FR\"},{\"@type\":\"Organization\",\"@id\":\"https:\/\/matsara.fr\/#organization\",\"name\":\"matsara.fr\",\"url\":\"https:\/\/matsara.fr\/\",\"logo\":{\"@type\":\"ImageObject\",\"inLanguage\":\"fr-FR\",\"@id\":\"https:\/\/matsara.fr\/#\/schema\/logo\/image\/\",\"url\":\"https:\/\/matsara.fr\/wp-content\/uploads\/2019\/06\/organic-store-logo5.svg\",\"contentUrl\":\"https:\/\/matsara.fr\/wp-content\/uploads\/2019\/06\/organic-store-logo5.svg\",\"caption\":\"matsara.fr\"},\"image\":{\"@id\":\"https:\/\/matsara.fr\/#\/schema\/logo\/image\/\"}}]}<\/script>\n<!-- \/ Yoast SEO plugin. -->","yoast_head_json":{"title":"Huile vierge de s\u00e9same BIO, 100 ml - matsara.fr","robots":{"index":"index","follow":"follow","max-snippet":"max-snippet:-1","max-image-preview":"max-image-preview:large","max-video-preview":"max-video-preview:-1"},"canonical":"https:\/\/matsara.fr\/?product=huile-vierge-de-sesame-bio-100-ml","og_locale":"fr_FR","og_type":"article","og_title":"Huile vierge de s\u00e9same BIO, 100 ml - matsara.fr","og_description":"100% pure et vierge, premi\u00e8re pression \u00e0 froid R\u00e9g\u00e9n\u00e9rante, revitalisante, antioxydants et anti-\u00e2ge, elle est excellente pour les peaux s\u00e8ches et irrit\u00e9es ainsi que pour le soin des cheveux secs et abim\u00e9s. Sa tr\u00e8s bonne p\u00e9n\u00e9tration en fait un support id\u00e9al pour le massage. Elle est utilis\u00e9e pour diluer les huiles essentielles, elle vectorisera vos synergies aromatiques \u00e0 travers la peau. Peut s\u2019utiliser aussi en d\u00e9maquillant naturel.","og_url":"https:\/\/matsara.fr\/?product=huile-vierge-de-sesame-bio-100-ml","og_site_name":"matsara.fr","article_modified_time":"2025-01-23T10:42:38+00:00","og_image":[{"width":315,"height":473,"url":"https:\/\/matsara.fr\/wp-content\/uploads\/2023\/03\/sesame-100ml.png","type":"image\/png"}],"twitter_card":"summary_large_image","schema":{"@context":"https:\/\/schema.org","@graph":[{"@type":"WebPage","@id":"https:\/\/matsara.fr\/?product=huile-vierge-de-sesame-bio-100-ml","url":"https:\/\/matsara.fr\/?product=huile-vierge-de-sesame-bio-100-ml","name":"Huile vierge de s\u00e9same BIO, 100 ml - matsara.fr","isPartOf":{"@id":"https:\/\/matsara.fr\/#website"},"primaryImageOfPage":{"@id":"https:\/\/matsara.fr\/?product=huile-vierge-de-sesame-bio-100-ml#primaryimage"},"image":{"@id":"https:\/\/matsara.fr\/?product=huile-vierge-de-sesame-bio-100-ml#primaryimage"},"thumbnailUrl":"https:\/\/matsara.fr\/wp-content\/uploads\/2023\/03\/sesame-100ml.png","datePublished":"2023-03-16T11:12:27+00:00","dateModified":"2025-01-23T10:42:38+00:00","breadcrumb":{"@id":"https:\/\/matsara.fr\/?product=huile-vierge-de-sesame-bio-100-ml#breadcrumb"},"inLanguage":"fr-FR","potentialAction":[{"@type":"ReadAction","target":["https:\/\/matsara.fr\/?product=huile-vierge-de-sesame-bio-100-ml"]}]},{"@type":"ImageObject","inLanguage":"fr-FR","@id":"https:\/\/matsara.fr\/?product=huile-vierge-de-sesame-bio-100-ml#primaryimage","url":"https:\/\/matsara.fr\/wp-content\/uploads\/2023\/03\/sesame-100ml.png","contentUrl":"https:\/\/matsara.fr\/wp-content\/uploads\/2023\/03\/sesame-100ml.png","width":315,"height":473},{"@type":"BreadcrumbList","@id":"https:\/\/matsara.fr\/?product=huile-vierge-de-sesame-bio-100-ml#breadcrumb","itemListElement":[{"@type":"ListItem","position":1,"name":"Accueil","item":"https:\/\/matsara.fr\/"},{"@type":"ListItem","position":2,"name":"Produits","item":"https:\/\/matsara.fr\/?post_type=product"},{"@type":"ListItem","position":3,"name":"Huile vierge de s\u00e9same BIO, 100 ml"}]},{"@type":"WebSite","@id":"https:\/\/matsara.fr\/#website","url":"https:\/\/matsara.fr\/","name":"matsara.fr","description":"La vanille qui vous veut du bien","publisher":{"@id":"https:\/\/matsara.fr\/#organization"},"potentialAction":[{"@type":"SearchAction","target":{"@type":"EntryPoint","urlTemplate":"https:\/\/matsara.fr\/?s={search_term_string}"},"query-input":{"@type":"PropertyValueSpecification","valueRequired":true,"valueName":"search_term_string"}}],"inLanguage":"fr-FR"},{"@type":"Organization","@id":"https:\/\/matsara.fr\/#organization","name":"matsara.fr","url":"https:\/\/matsara.fr\/","logo":{"@type":"ImageObject","inLanguage":"fr-FR","@id":"https:\/\/matsara.fr\/#\/schema\/logo\/image\/","url":"https:\/\/matsara.fr\/wp-content\/uploads\/2019\/06\/organic-store-logo5.svg","contentUrl":"https:\/\/matsara.fr\/wp-content\/uploads\/2019\/06\/organic-store-logo5.svg","caption":"matsara.fr"},"image":{"@id":"https:\/\/matsara.fr\/#\/schema\/logo\/image\/"}}]}},"_links":{"self":[{"href":"https:\/\/matsara.fr\/index.php?rest_route=\/wp\/v2\/product\/5619","targetHints":{"allow":["GET"]}}],"collection":[{"href":"https:\/\/matsara.fr\/index.php?rest_route=\/wp\/v2\/product"}],"about":[{"href":"https:\/\/matsara.fr\/index.php?rest_route=\/wp\/v2\/types\/product"}],"replies":[{"embeddable":true,"href":"https:\/\/matsara.fr\/index.php?rest_route=%2Fwp%2Fv2%2Fcomments&post=5619"}],"wp:featuredmedia":[{"embeddable":true,"href":"https:\/\/matsara.fr\/index.php?rest_route=\/wp\/v2\/media\/5620"}],"wp:attachment":[{"href":"https:\/\/matsara.fr\/index.php?rest_route=%2Fwp%2Fv2%2Fmedia&parent=5619"}],"wp:term":[{"taxonomy":"product_brand","embeddable":true,"href":"https:\/\/matsara.fr\/index.php?rest_route=%2Fwp%2Fv2%2Fproduct_brand&post=5619"},{"taxonomy":"product_cat","embeddable":true,"href":"https:\/\/matsara.fr\/index.php?rest_route=%2Fwp%2Fv2%2Fproduct_cat&post=5619"},{"taxonomy":"product_tag","embeddable":true,"href":"https:\/\/matsara.fr\/index.php?rest_route=%2Fwp%2Fv2%2Fproduct_tag&post=5619"}],"curies":[{"name":"wp","href":"https:\/\/api.w.org\/{rel}","templated":true}]}}